{"id":271,"date":"2025-03-22T23:05:39","date_gmt":"2025-03-23T02:05:39","guid":{"rendered":"https:\/\/gerandobondade.com.br\/rifa\/?post_type=product&#038;p=271"},"modified":"2025-12-12T19:54:16","modified_gmt":"2025-12-12T22:54:16","slug":"fotorifa","status":"publish","type":"product","link":"https:\/\/gerandobondade.com.br\/rifa\/produto\/fotorifa\/","title":{"rendered":"Obras assinadas de grandes nomes da Fotografia Nacional"},"content":{"rendered":"<p>A bailarina Marina Abib foi diagnosticada com uma condi\u00e7\u00e3o que comprometeu seus movimentos, mas n\u00e3o sua paix\u00e3o pela dan\u00e7a. Marina enfrenta intensa jornada de reabilita\u00e7\u00e3o. 100% da renda desta FOTO-RIFA ser\u00e1 revertida para os altos custos de seu tratamento. Para conhe\u00e7er as <a href=\"https:\/\/gerandobondade.com.br\/rifa\/termos-e-condicoes\/\">regras e regulamento acesse aqui!<\/a><\/p>\n<p><span style=\"color: #ffffff;\">S\u00e3o 10 obras de autoras renomadas: <strong data-start=\"106\" data-end=\"126\">Val\u00e9ria Mendon\u00e7a<\/strong> | 50x33cm, <strong data-start=\"142\" data-end=\"162\">M\u00f4nica Zarattini<\/strong> | 50x33cm, <strong data-start=\"178\" data-end=\"199\">Maureen Bisilliat<\/strong> | 40x40cm, <strong data-start=\"215\" data-end=\"241\">Ana Carolina Fernandes<\/strong> | 50x33cm, <strong data-start=\"257\" data-end=\"275\">Gisele Martins<\/strong> | 50x33cm,\u00a0 <strong data-start=\"291\" data-end=\"311\">Juliana Jacyntho<\/strong> | 50x40cm, <strong data-start=\"327\" data-end=\"342\">M\u00f4nica Maia<\/strong> | 37x50cm, <strong data-start=\"358\" data-end=\"376\">Nair Benedicto<\/strong> | 50x33cm, <strong data-start=\"392\" data-end=\"413\">Maristela Colucci<\/strong> | 50x35cm e <strong data-start=\"430\" data-end=\"448\">Rosa Gauditano<\/strong> | 50x33cm.<\/span><\/p>\n","protected":false},"excerpt":{"rendered":"<p>A bailarina Marina Abib foi diagnosticada com uma condi\u00e7\u00e3o que comprometeu seus movimentos, mas n\u00e3o sua paix\u00e3o pela dan\u00e7a. Marina enfrenta intensa jornada de reabilita\u00e7\u00e3o. 100% da renda desta FOTO-RIFA ser\u00e1 revertida para os altos custos de seu tratamento. Para conhe\u00e7er as regras e regulamento acesse aqui! S\u00e3o 10 obras de autoras renomadas: Val\u00e9ria Mendon\u00e7a [&hellip;]<\/p>\n","protected":false},"featured_media":527,"comment_status":"open","ping_status":"closed","template":"","meta":{"_acf_changed":false},"product_brand":[],"product_cat":[16],"product_tag":[],"class_list":{"0":"post-271","1":"product","2":"type-product","3":"status-publish","4":"has-post-thumbnail","6":"product_cat-rifas-numeros-aleatorios","8":"first","9":"instock","10":"virtual","11":"purchasable","12":"product-type-simple"},"acf":[],"aioseo_notices":[],"_links":{"self":[{"href":"https:\/\/gerandobondade.com.br\/rifa\/wp-json\/wp\/v2\/product\/271","targetHints":{"allow":["GET"]}}],"collection":[{"href":"https:\/\/gerandobondade.com.br\/rifa\/wp-json\/wp\/v2\/product"}],"about":[{"href":"https:\/\/gerandobondade.com.br\/rifa\/wp-json\/wp\/v2\/types\/product"}],"replies":[{"embeddable":true,"href":"https:\/\/gerandobondade.com.br\/rifa\/wp-json\/wp\/v2\/comments?post=271"}],"wp:featuredmedia":[{"embeddable":true,"href":"https:\/\/gerandobondade.com.br\/rifa\/wp-json\/wp\/v2\/media\/527"}],"wp:attachment":[{"href":"https:\/\/gerandobondade.com.br\/rifa\/wp-json\/wp\/v2\/media?parent=271"}],"wp:term":[{"taxonomy":"product_brand","embeddable":true,"href":"https:\/\/gerandobondade.com.br\/rifa\/wp-json\/wp\/v2\/product_brand?post=271"},{"taxonomy":"product_cat","embeddable":true,"href":"https:\/\/gerandobondade.com.br\/rifa\/wp-json\/wp\/v2\/product_cat?post=271"},{"taxonomy":"product_tag","embeddable":true,"href":"https:\/\/gerandobondade.com.br\/rifa\/wp-json\/wp\/v2\/product_tag?post=271"}],"curies":[{"name":"wp","href":"https:\/\/api.w.org\/{rel}","templated":true}]}}

<p>A bailarina Marina Abib foi diagnosticada com uma condição que comprometeu seus movimentos, mas não sua paixão pela dança. Marina enfrenta intensa jornada de reabilitação. 100% da renda desta FOTO-RIFA será revertida para os altos custos de seu tratamento. Para conheçer as <a href="https://gerandobondade.com.br/rifa/termos-e-condicoes/">regras e regulamento acesse aqui!</a></p>
<p><span style="color: #ffffff;">São 10 obras de autoras renomadas: <strong data-start="106" data-end="126">Valéria Mendonça</strong> | 50x33cm, <strong data-start="142" data-end="162">Mônica Zarattini</strong> | 50x33cm, <strong data-start="178" data-end="199">Maureen Bisilliat</strong> | 40x40cm, <strong data-start="215" data-end="241">Ana Carolina Fernandes</strong> | 50x33cm, <strong data-start="257" data-end="275">Gisele Martins</strong> | 50x33cm,  <strong data-start="291" data-end="311">Juliana Jacyntho</strong> | 50x40cm, <strong data-start="327" data-end="342">Mônica Maia</strong> | 37x50cm, <strong data-start="358" data-end="376">Nair Benedicto</strong> | 50x33cm, <strong data-start="392" data-end="413">Maristela Colucci</strong> | 50x35cm e <strong data-start="430" data-end="448">Rosa Gauditano</strong> | 50x33cm.</span></p>

<p>A bailarina Marina Abib foi diagnosticada com uma condição que comprometeu seus movimentos, mas não sua paixão pela dança. Marina enfrenta intensa jornada de reabilitação. 100% da renda desta FOTO-RIFA será revertida para os altos custos de seu tratamento. Para conheçer as regras e regulamento acesse aqui! São 10 obras de autoras renomadas: Valéria Mendonça [&hellip;]</p>
